{"id":16,"date":"2017-05-19T08:45:35","date_gmt":"2017-05-19T08:45:35","guid":{"rendered":"http:\/\/xn--frulein-schmerzfrei-hwb.de\/?page_id=16"},"modified":"2018-11-11T17:55:24","modified_gmt":"2018-11-11T17:55:24","slug":"sarah-varenkamp-vita","status":"publish","type":"page","link":"https:\/\/xn--frulein-schmerzfrei-hwb.de\/?page_id=16","title":{"rendered":"Sarah Varenkamp &#8211; Vita"},"content":{"rendered":"<p><img loading=\"lazy\" decoding=\"async\" class=\"size-medium wp-image-189\" src=\"https:\/\/xn--frulein-schmerzfrei-hwb.de\/wp-content\/uploads\/2017\/05\/IMG_20170701_105157-225x300.jpg\" alt=\"\" width=\"225\" height=\"300\" srcset=\"https:\/\/xn--frulein-schmerzfrei-hwb.de\/wp-content\/uploads\/2017\/05\/IMG_20170701_105157-225x300.jpg 225w, https:\/\/xn--frulein-schmerzfrei-hwb.de\/wp-content\/uploads\/2017\/05\/IMG_20170701_105157-768x1024.jpg 768w\" sizes=\"auto, (max-width: 225px) 100vw, 225px\" \/><\/p>\n<p style=\"text-align: center;\">Kurze Vorstellung meiner Person<\/p>\n<p style=\"text-align: center;\">2009- 2012 Ausbildung zur Physiotherapeutin mit erfolgreichem Abschluss an der Timmermeister Schule in M\u00fcnster<\/p>\n<p style=\"text-align: center;\">2012 &#8211; 2013 Festanstellung in der Praxis Janine Lenzer in D\u00fclmen<\/p>\n<p style=\"text-align: center;\">2013 &#8211; 2016 Festanstellung im Klinikum F\u00fcrth mit Schwerpunkt der Inneren Medizin als auch Chirugie \/ Orthop\u00e4die<\/p>\n<p style=\"text-align: center;\">2017\u00a0 Er\u00f6ffnung von Fr\u00e4ulein Schmerzfrei in Coesfeld<\/p>\n<p style=\"text-align: center;\">\u00a0Meine Weiterbildungen in der Physiotherapie beinhalten<\/p>\n<p style=\"text-align: center;\">Manuelle Therapie<\/p>\n<p style=\"text-align: center;\">Krankengymnastik am Ger\u00e4t<\/p>\n<p style=\"text-align: center;\">Lymphdrainage<\/p>\n<p style=\"text-align: center;\">Sturzpr\u00e4ventionstrainer<\/p>\n<p style=\"text-align: center;\"><strong style=\"font-size: 1rem;\">Das Fasziendistorsionsmodell nach Stephen Typaldos<\/strong><\/p>\n<p style=\"text-align: center;\"><span style=\"font-size: 1rem;\">Heilpraktiker ( Sektor Physiotherapie)<\/span><\/p>\n<p style=\"text-align: center;\">Kursleitung Progressive Muskelrelaxation<\/p>\n<p style=\"text-align: center;\">Entspannungsp\u00e4dagogin<\/p>\n","protected":false},"excerpt":{"rendered":"<p>Kurze Vorstellung meiner Person 2009- 2012 Ausbildung zur Physiotherapeutin mit erfolgreichem Abschluss an der Timmermeister Schule in M\u00fcnster 2012 &#8211; 2013 Festanstellung in der Praxis Janine Lenzer in D\u00fclmen 2013 &#8211; 2016 Festanstellung im Klinikum F\u00fcrth mit Schwerpunkt der Inneren Medizin als auch Chirugie \/ Orthop\u00e4die 2017\u00a0 Er\u00f6ffnung von Fr\u00e4ulein Schmerzfrei in Coesfeld \u00a0Meine Weiterbildungen &hellip; <a href=\"https:\/\/xn--frulein-schmerzfrei-hwb.de\/?page_id=16\" class=\"more-link\"><span class=\"screen-reader-text\">Sarah Varenkamp &#8211; Vita<\/span> weiterlesen<\/a><\/p>\n","protected":false},"author":1,"featured_media":0,"parent":0,"menu_order":0,"comment_status":"closed","ping_status":"closed","template":"","meta":{"footnotes":""},"class_list":["post-16","page","type-page","status-publish","hentry"],"_links":{"self":[{"href":"https:\/\/xn--frulein-schmerzfrei-hwb.de\/index.php?rest_route=\/wp\/v2\/pages\/16","targetHints":{"allow":["GET"]}}],"collection":[{"href":"https:\/\/xn--frulein-schmerzfrei-hwb.de\/index.php?rest_route=\/wp\/v2\/pages"}],"about":[{"href":"https:\/\/xn--frulein-schmerzfrei-hwb.de\/index.php?rest_route=\/wp\/v2\/types\/page"}],"author":[{"embeddable":true,"href":"https:\/\/xn--frulein-schmerzfrei-hwb.de\/index.php?rest_route=\/wp\/v2\/users\/1"}],"replies":[{"embeddable":true,"href":"https:\/\/xn--frulein-schmerzfrei-hwb.de\/index.php?rest_route=%2Fwp%2Fv2%2Fcomments&post=16"}],"version-history":[{"count":11,"href":"https:\/\/xn--frulein-schmerzfrei-hwb.de\/index.php?rest_route=\/wp\/v2\/pages\/16\/revisions"}],"predecessor-version":[{"id":282,"href":"https:\/\/xn--frulein-schmerzfrei-hwb.de\/index.php?rest_route=\/wp\/v2\/pages\/16\/revisions\/282"}],"wp:attachment":[{"href":"https:\/\/xn--frulein-schmerzfrei-hwb.de\/index.php?rest_route=%2Fwp%2Fv2%2Fmedia&parent=16"}],"curies":[{"name":"wp","href":"https:\/\/api.w.org\/{rel}","templated":true}]}}